 o?
6
Let o(w) be the second derivative of -w**5/4 - w**3/6 - w**2/2 + 3*w. Let u be o(-1). Suppose -u*k + 127 = -18. What is the tens digit of k?
2
Suppose 4*a + 7*f - 1648 = 5*f, 2*a - 832 = -5*f. What is the units digit of a?
1
Let x = -381 + 1115. What is the tens digit of x?
3
Let a(y) = 441*y - 1. Let u be a(1). Suppose -7*w + 4*w + 15 = 0, -u = -3*x + 5*w. Suppose 0 = n - 5, 4*n - n = 5*h - x. What is the tens digit of h?
3
Let o be (5/(-15))/(2/(-246)). Let q = o - 22. Let f = 34 + q. What is the units digit of f?
3
What is the units digit of 1078 - ((-60)/(-100))/(6/50)?
3
Let i(j) = -j + 11. Let g be i(7). Suppose -4*c + c - g*v + 324 = 0, 0 = -c - 2*v + 106. Suppose -3*f - f = 4*z - c, 0 = -4*f + 8. What is the units digit of z?
6
Suppose 0 = -4*m + 1 + 11, -4*m = -q - 12. Suppose 5*g + q*g - 75 = -3*b, -2*b = -5*g + 50. What is the units digit of g?
2
Suppose 2*c - 2428 = -3*c + 2*f, -4*c + 1956 = -5*f. What is the units digit of c?
4
What is the tens digit of 15/(-4)*(-832)/(-36)*-3?
6
Let y(r) = -5*r - 1 - 9*r + 1. Let h be y(-6). Suppose 0 = -3*c + 30 + h. What is the tens digit of c?
3
Let q = 33 - 5. Let u = 41 - q. Suppose -l + 0*l = -u. What is the tens digit of l?
1
Let m(p) = -214*p**3 + p**2 + 2*p + 1. What is the tens digit of m(-1)?
1
Suppose 0 = -2*g + 4*m + 3726, m + 7517 = 4*g + 6*m. What is the hundreds digit of g?
8
What is the units digit of 451 + (1 - -2) - 1?
3
What is the units digit of (-19860)/45*3/(-2)?
2
Suppose -14 = 3*g - g. Suppose -2*m = 3*o - 3 + 4, 18 = 3*m - 2*o. Let x = m - g. What is the tens digit of x?
1
Let p(o) = 3*o**3 - 18*o**2 + 2*o + 6. What is the hundreds digit of p(9)?
7
Let k(v) = -2*v - 5 - 4 + 1 + 2. Let a be k(-3). Suppose a = 3*g + 4*l + 2, l - 4*l + 9 = 4*g. What is the units digit of g?
6
Let k be (24/2)/(18/9). Let i(u) = -4*u**2 - 6*u - 7. Let q(o) = 5*o**2 + 7*o + 7. Let p(h) = k*i(h) + 5*q(h). What is the tens digit of p(-4)?
1
Let o(i) = 136*i + 2. Let p be o(1). Let g(y) = 3*y - 6. Let q be g(5). Suppose q*w = 2*l + 5*w - p, 0 = -5*l + 3*w + 380. What is the units digit of l?
9
Let s be 3 - (0 + 895)/5. Let j = s - -256. What is the units digit of j?
0
Suppose 0 = -10*z + 8*z + 716. Suppose 4*u - z = -78. What is the units digit of u?
0
Suppose 2*a + 63 + 61 = 0. Let g = -12 - a. What is the units digit of g?
0
Suppose -5*u + 131 = -539. Let m = 196 - u. Suppose m = 3*b - b. What is the units digit of b?
1
Suppose 7*y - 2*y + 3*k - 11748 = 0, -6*y + 14120 = -2*k. What is the units digit of y?
2
Let a(f) = -11*f - 3. Let p be a(-2). Suppose 5*y + p = -21. Let q = y - -34. What is the tens digit of q?
2
Let z(d) = -13*d - 15. Let a(c) = 13*c + 15. Let k(x) = -6*a(x) - 7*z(x). What is the units digit of k(4)?
7
Let v = 7 - 5. Let w(d) = 6*d - 2. Let b be w(v). Let t = 40 - b. What is the units digit of t?
0
Let o be ((-12)/(-30))/((-3)/75). Let w = o + 62. What is the tens digit of w?
5
Let u be ((-106)/(-4) - -1)/((-2)/(-28)). Suppose 0 = -3*q + 5*q + 3*v - u, 3*v = 4*q - 743. What is the units digit of q?
8
Suppose 0 = 4*z + 2*j - 26, j = -5*z + 14 + 14. Suppose z*r = -3*p - 5, -2*p - 5*r = 2*p. What is the units digit of p?
5
Let z(j) be the second derivative of 7*j**4/12 + j**2/2 + 11*j. What is the units digit of z(2)?
9
Let a(m) be the third derivative of m**5/30 - 11*m**4/24 - m**3/6 - 15*m**2. What is the tens digit of a(8)?
3
Let m(w) = w**3 + 17*w**2 - 9*w + 41. What is the units digit of m(-17)?
4
Let s(c) = 2*c**2 + 13*c + 14. Let a be 1*((-50)/5 - -1). What is the tens digit of s(a)?
5
Let m(d) = -4 - 9 - 54*d + 4*d**2 + 69*d. What is the units digit of m(-11)?
6
Let p(n) be the third derivative of n**5/60 - n**3/3 - 18*n**2. What is the units digit of p(10)?
8
Let i = 482 + -480. Suppose 5*h - 41 = 19. What is the units digit of (-1 - i)/(h/(-64))?
6
Let s(f) = 2*f**2 - 6*f**2 + 3*f**2 - 7*f + 7. Let p be s(-7). Let y = 1 + p. What is the units digit of y?
8
Suppose -8*b + 0*b + 3360 = 0. What is the hundreds digit of b?
4
Let x = 7 + -4. Let r = x + -4. Let u = r - -14. What is the units digit of u?
3
Let v = -1880 + 3587. What is the units digit of v?
7
Suppose -p = -5*f + 406, -p - 4*p + 2*f = 2145. Let u = p + 636. What is the tens digit of u?
0
Let n(w) = 4*w - 16. Let l be n(5). Suppose -l*p = -7*p - 126. Let d = -14 - p. What is the units digit of d?
8
Suppose -3*c = -4*c + 26. Suppose p - c = -p. What is the tens digit of p?
1
Suppose -35647 - 21253 = -50*n. What is the tens digit of n?
3
Let m be (-4)/10 - (-196)/(-10). Let n = m + 57. What is the units digit of n?
7
Suppose -3*d - 332 = -4*d. Suppose 4*i - 415 = -5*x, 3*x + x - 3*i - d = 0. What is the tens digit of x?
8
Let a(z) = -z**3 - 9*z**2 - 21*z - 13. Let i be a(-6). Suppose c = 3*d - 760, -2*d - i*c + 535 = -0*d. What is the units digit of d?
5
Let n = 102 - 60. Suppose -6*j - n = -9*j. Suppose -6 = -j*h + 11*h. What is the units digit of h?
2
Let y(l) = 5*l**2 - 7*l + 6. Let i be y(5). Suppose -3*v = v - i. What is the units digit of v?
4
Let r(j) = -j**3 + 5*j**2 - 2*j - 4. Let l be r(3). Let k = 53 - 53. What is the tens digit of l - ((-4)/2 + k)?
1
Let x(r) = -3*r**3 - 9*r**2 - 41*r - 46. What is the units digit of x(-11)?
9
Suppose 0 = -73*l + 109*l - 51660. What is the hundreds digit of l?
4
Let p(u) = 13*u**2 + 44*u + 581. What is the hundreds digit of p(-21)?
3
Suppose -30*z + 6468 = -6792. What is the tens digit of z?
4
Suppose 2*q + 2*o + 34 = 7*q, -5*q + o = -37. Suppose q*s + 2 = 6*s. Let b(k) = -30*k**3. What is the units digit of b(s)?
0
Suppose -9*y + 4*c - 508 = -12*y, 4*c = 3*y - 524. Let m be ((-3)/(-9))/(1/159). Suppose -m = -5*i + y. What is the units digit of i?
5
Let a = -65 + 152. Let s = a - 28. What is the units digit of s?
9
Suppose 0 = -4*y - 0*y - 4. Let v(d) = 0*d + 250 + 33*d**2 + 3*d - 248. What is the units digit of v(y)?
2
Suppose -664 = -0*b - 8*b. Let k = -52 + b. What is the units digit of k?
1
What is the units digit of 582*(2/4 - (11 - 11))?
1
Suppose 3*s - 2*g - 16 = -g, 3*g - 12 = -s. Let i(a) = 4*a**2 - 15*a + 5. What is the tens digit of i(s)?
5
Let a = -896 - -1332. What is the units digit of a?
6
Suppose -2*a + 3*p + 6922 = 0, 48*a = 52*a - 2*p - 13828. What is the hundreds digit of a?
4
Let r = 289 + -507. Let w = -99 - r. What is the hundreds digit of w?
1
Let w(f) = -f**2 + 9*f + 6. Let q(y) = -2*y + 3. Let m be q(-2). Let x be w(m). Suppose -x = 3*n - 4*n. What is the units digit of n?
0
Let v(x) = -23*x**2 + 1. Let h be v(-1). Suppose -w - 2*w = -3*c + 42, w - 3*c = -16. Let u = w - h. What is the units digit of u?
9
Let s be (-12)/(-9)*(-162)/(-12). Let a be (-1 - 1)/(12/s). What is the tens digit of (-351)/(-18) + a/2?
1
Let h(n) = 13*n + 62. What is the hundreds digit of h(17)?
2
Suppose -4*f + 126 = -434. What is the hundreds digit of f?
1
Suppose -2 = 5*d - 17. Suppose 0 = -d*h + 12*h - 702. What is the units digit of h?
8
Suppose 0 = -t - 6 + 9. Suppose 4*g + 795 = 5*z, -3*z - 4*g + t*g = -477. What is the units digit of z?
9
Suppose 5*q + 674 = 3*x - 1937, -4369 = -5*x + 4*q. What is the tens digit of x?
7
Let n(m) = m**2 - 18*m - 16. Let w be n(-14). Let j = w + -183. What is the tens digit of j?
4
Let i(m) = m**3 - m**2 - 11*m + 1. Let f be i(4). Suppose 0 = c - 14. Suppose -n + c - f = 0. What is the units digit of n?
9
Let h = 767 - 249. What is the hundreds digit of h?
5
Let y(t) = 14*t**3 - 4*t**2 - 4*t + 39. What is the hundreds digit of y(3)?
3
Suppose 5*z - 27368 = -5*y - 2058, 0 = -y - 4*z + 5056. What is the units digit of y?
4
Suppose u - 6 = 5*v - 104, 5*u = 10. Suppose -4*a + 596 = 2*g, -7*g = -2*g + v. What is the units digit of a?
1
Suppose -2*s = -4*s + 4. Let i(x) = -x**3 + 11*x**2 - 7*x + 2. Let g be i(10). What is the units digit of g - (2 - -2) - s?
6
Let b be 3/9 + (-56)/(-12). Suppose 7 = -b*q - 68. Let w(s) = s**3 + 14*s**2 - 15*s + 3. What is the units digit of w(q)?
3
Let s(z) be the second derivative of -31*z**3/3 + z**2 + 7*z. What is the tens digit of s(-1)?
6
Let v(i) = -4*i. Let b = 11 - 14. Let r be v(b). Suppose r = -c + 39. What is the tens digit of c?
2
Suppose 10*c = 3829 + 2181. What is the hundreds digit of c?
6
Let z(m) = -9*m + 9. Let a be z(-5). Suppose -j = -3*j + a. Let g = j - 13. What is the